e greatest common factor of 11259 and s.
9
Suppose 22*v + 10 = 32. Let d be ((-156)/14)/(v/(14/(-2))). What is the highest common divisor of 273 and d?
39
Suppose -11*f + 29 = -4*d + 232, 0 = 4*f + 4. What is the highest common divisor of 128 and d?
16
Let d(w) be the third derivative of w**5/12 + 9*w**4/8 + w**3/6 + 17*w**2 - 3*w. Let x be d(-7). Calculate the greatest common factor of 1311 and x.
57
Let m = -410 + 594. Let d(j) = j**3 + 187*j**2 + 383*j + 2428. Let o be d(-185). What is the greatest common factor of m and o?
23
Suppose 4*g + 3*s - 356 = 788, -s = 3*g - 858. Let k(u) = 81*u + 593. Let t be k(-7). Calculate the highest common factor of g and t.
26
Suppose -130*h + 65*h + 41652 = 202*h. What is the highest common factor of 52 and h?
52
Suppose -507 = -18*a - 6*a - 435. Let u be 17 - ((-2)/1 - -1). What is the highest common factor of a and u?
3
Let t(c) = -c + 15. Let z be t(8). Suppose 0 = -j + 3*q, 4*j - 15 = -189*q + 186*q. What is the highest common divisor of j and z?
1
Let f(j) = 3*j + 30. Let k = -7 + 0. Let c be f(k). What is the highest common divisor of 18 and c?
9
Let m(p) = -p**3 - 4*p**2 + 28*p + 52. Let z be m(-7). What is the greatest common divisor of z and 237?
3
Let y(t) = -12*t - 10. Let a be y(-7). Let j = 1222 + -1218. Suppose -6*g + a = -j*g. What is the greatest common factor of g and 222?
37
Let q be (10879/46)/((-7)/(-182)). What is the greatest common factor of 143 and q?
143
Suppose -1497 - 2441 = -11*v. Let y = v - 198. What is the highest common factor of y and 20?
20
Suppose -5*b - 5*c + 1035 = 0, 503 = 2*b + 3*c + 90. What is the greatest common divisor of 650 and b?
26
Suppose 40 = x - 3*r, 3*r = -x - r + 19. Suppose x = -2*z + 61. Suppose 3*h - z*h = -180. What is the greatest common factor of h and 25?
5
Let o = 3253 + -3220. Let q(c) = 3 + 0 - 5 - 2 - 5*c**2 - 3*c - c**3. Let x be q(-5). What is the highest common divisor of x and o?
11
Let a(m) = m**2 + m + 3. Let g be a(-11). Let v be ((-104)/(-78))/((-8)/(-522)). Suppose -v - g = -5*z. Calculate the highest common factor of 8 and z.
8
Let q = 8 + -4. Let h(j) = 86*j + 4. Let u be h(q). Suppose 5*g = -t - t + u, g = -4. What is the highest common divisor of t and 23?
23
Let h(r) be the third derivative of r**5/60 - 25*r**4/24 + 43*r**3/3 - 97*r**2. Let g be h(22). Calculate the highest common divisor of 50 and g.
10
Suppose 11374 = 23*o + 37*o - 13*o. Suppose 2*d = 2*u - 92, u + 3*d + d = 36. What is the highest common divisor of u and o?
22
Let y = 5 + -3. Suppose 50 = 5*v - 4*x, -2*v + 2*x + y*x + 8 = 0. Calculate the highest common divisor of 14 and v.
14
Let d(o) = 2*o**3 - 4*o**2 - 4*o + 3. Let r be d(3). Let a(t) = -t**2 + 11*t + 6. Let x be a(r). Calculate the highest common divisor of 456 and x.
24
Let v(n) = -6*n**3 + 2*n**2 + 2*n + 1. Let b be v(-1). Suppose -48 = -b*q + 3*q. Let m = -3632 + 3716. Calculate the highest common factor of m and q.
12
Let g = -152 - -152. Suppose 8*u + 5*t = 9*u - 126, -3*t - 9 = g. What is the greatest common divisor of u and 185?
37
Let p be 8 + (-40)/6 + 32/3. Let k(x) = -x**2 + 31*x - 94. Let q be k(26). Calculate the greatest common factor of p and q.
12
Let m = 172 + -174. Let k(u) = -4*u**2 - 20*u - 6. Let c be k(m). What is the highest common factor of 27 and c?
9
Let g be 50 + -1 - (-1 - -2). Let t = 394 - 210. Let r = 424 - t. Calculate the highest common divisor of r and g.
48
Let u = 8573 + -8551. What is the greatest common divisor of 14366 and u?
22
Let q(c) be the second derivative of -17*c**3/6 + 87*c**2/2 + 21*c - 1. Let r be q(5). What is the highest common divisor of 4 and r?
2
Suppose 0 = 148*o - 97 - 12483. Calculate the greatest common factor of o and 51.
17
Let c(m) = -m**3 + 8*m**2 - 6*m - 7. Let z be c(5). Let p(n) = 3047*n - 18149. Let i be p(6). What is the highest common divisor of z and i?
19
Suppose 47*r = -64*r + 137*r - 42198. What is the greatest common divisor of r and 12?
3
Let g(j) = 2*j**3 - 44*j**2 + 110*j - 8. Let c be g(20). What is the greatest common factor of c and 1628?
148
Let t be 3*((-80)/(-12) + 1). Suppose -p + 4 = 0, p + 0*p + 76 = 5*j. Suppose -t*a - j = -25*a. Calculate the greatest common divisor of 4 and a.
4
Let t(b) = 5*b**2 + 117*b + 2288. Let s be t(-22). Calculate the greatest common factor of s and 22.
22
Let u(t) = t**2 - 95*t - 280. Let o be u(98). Suppose 0 = 3*x - 56 + 2. Let n = 39 - x. Calculate the highest common factor of o and n.
7
Let j(q) = q**3 - 7*q**2 - 15*q + 189. Let p be j(6). Calculate the greatest common divisor of p and 1287.
9
Let n be 15 + (572/22 - -3655). Calculate the greatest common divisor of n and 1155.
231
Let l(b) = -b**3 - 9*b**2 + 10*b + 5. Let k be l(-10). Suppose -2 = k*q - 22. Let o be 954/24 + 1/q. What is the greatest common factor of 120 and o?
40
Let s = -494 - -534. Let b be (1 - -2)/6*0. Suppose 40 = 5*o - b*o. What is the highest common factor of s and o?
8
Suppose -4*s = -5*a - 20, -2*a + 11 = 2*s + 1. Suppose a = 3*t + 15, -5*u + 48 + 87 = 3*t. What is the greatest common factor of u and 18?
6
Let q = 5290 - 5004. Calculate the greatest common divisor of 5 and q.
1
Suppose -36*x + 27*x - 18 = 0. Let b(s) = -17*s**3 + 4*s**2 + 4*s - 2. Let f be b(x). Calculate the greatest common factor of f and 71.
71
Let j(y) = -8*y + y - 4 - 2*y**2 - 4*y**2 + 2*y**2 + y**3. Let b be j(5). Let l be -1 + (-7)/2*b. Calculate the greatest common factor of l and 12.
12
Let n be ((-7)/5)/(5 - ((-1760)/175)/(-2)). What is the greatest common factor of n and 9065?
49
Suppose -149*j + 2957 = -5387. Calculate the greatest common factor of 6552 and j.
56
Suppose 0 = -5*m - 0*m + 770. Let a(b) = -256*b + 270. Let i be a(1). What is the greatest common divisor of m and i?
14
Suppose 0 = 11*j - 6*j - 20. Let i be (-12)/(-15)*1*30. Let g = 12 + i. What is the highest common divisor of j and g?
4
Let l = -7484 - -7678. What is the greatest common divisor of 14 and l?
2
Suppose 0*j = 5*j + 2*x - 23, -4*x - 4 = 0. Suppose -2*s + 3448 = 4*d, -5*d - j*s = -3729 - 586. What is the highest common divisor of 21 and d?
21
Let y = -9404 - -9689. Calculate the greatest common divisor of 24 and y.
3
Suppose 538*f + 224 = 539*f - 4*n, -2*f + 4*n + 468 = 0. What is the greatest common factor of 9943 and f?
61
Suppose 710 = -2*q + 14*h - 12*h, 0 = -2*q + 4*h - 704. Let z = -343 - q. What is the greatest common divisor of z and 975?
15
Suppose 50*j - 5553 - 2847 = 0. Let u = 31 + -7. Calculate the greatest common divisor of u and j.
24
Suppose 11 = 3*i + 2. Suppose q - 3*v - 9 = 0, i*v + 0*v = -q - 15. Let d be -60*((q - -4) + -2). What is the greatest common factor of 150 and d?
30
Let g(w) = 24*w - 21. Let r be (-15)/6*((-46)/10 - -3). Let q be g(r). Calculate the highest common divisor of q and 60.
15
Suppose 3*b - 6 = 0, -5*b + 112 = 3*z + 15. Suppose -5*v = 3*c - 4084, -5*c + 6817 = -7877*v + 7875*v. What is the greatest common divisor of c and z?
29
Suppose 3*w + 10*s = 12*s + 2390, -2*w - s = -1598. Calculate the highest common factor of 84 and w.
42
Let i(j) = -6*j + 81. Let c be -1*(-12 + 5*1/5). Let p be i(c). What is the greatest common factor of p and 45?
15
Let g be -1 - (1 + 8/(-2) + 8). Let o be g/(-10) + ((-1299)/15 - 1). Let s = o + 131. Calculate the highest common divisor of s and 11.
11
Let y(t) = -2*t**3 + 11*t**2 - 6*t. Let q be y(3). Calculate the greatest common factor of 141 and q.
3
Let g = -1698 + 2355. What is the highest common divisor of 18 and g?
9
Let u(n) = 3*n**2 - 2*n - 16. Let k be u(-3). Suppose k*f - 1665 = 12*f. What is the highest common factor of 37 and f?
37
Let r be (0 - -111)/((-1215)/(-13770)). What is the greatest common divisor of r and 51?
17
Suppose 4*h = -y - 8, -6 = 2*h - 0*h. Let f = -15 - -27. Suppose -v = -4*c - f, -y*v - c + 108 = 3*c. Calculate the greatest common divisor of 6 and v.
6
Let v(w) = -4*w**2 - 8 - 2*w**2 - 13*w + w**2 + w**3 + 6*w**2 - 6. Let d be v(6). What is the highest common factor of 100 and d?
20
Let k = -15 + 71. Let l(a) = a**2 + 3*a - 56. Let t be l(-11). Calculate the greatest common divisor of k and t.
8
Let z(o) = 3*o - 21. Let l be z(13). Let p(k) = -3*k**3 - 4*k**2 - 28*k - 114. Let x be p(-4). Calculate the highest common factor of l and x.
18
Let i(a) = -a